 Calculate the remainder when 9 is divided by b.
1
Let i(l) = -2*l + 26. Let c be (-18)/(-4) - 2/(-4). Suppose -2*b = -b - c. What is the remainder when b is divided by i(12)?
1
Suppose -8*h - 291 = -1027. Let c = 5 + -2. Suppose 0 = b + c*b - h. Calculate the remainder when 45 is divided by b.
22
Let v = 86 + 83. Calculate the remainder when v is divided by 19.
17
Let u be (-2 + 3 - 2)*-39. Suppose -5*o + 6 = -u. Calculate the remainder when 16 is divided by o.
7
Let h = 5 - 1. Suppose -2*d + 6*d - 3*f = 197, -182 = -h*d - 2*f. What is the remainder when d is divided by 16?
15
Let b = 123 + -33. Calculate the remainder when b is divided by 23.
21
Let s be (2/(-6))/((-3)/(-9)). Calculate the remainder when 32 is divided by (3/s)/3*-11.
10
Suppose -3*o + 12 = -3. Suppose o*u - 40 = u. What is the remainder when 18 is divided by u?
8
Suppose 0 = 2*t - 2*f - 48, -2*t - f = -t - 30. Calculate the remainder when t is divided by (-2 - 9/6)*-4.
13
Let k = -92 - -100. Calculate the remainder when 23 is divided by k.
7
Suppose 34 = 4*p - 2*b, 5*p - 25 = -0*b - b. What is the remainder when 13 is divided by p?
1
Suppose -w = -10 + 1. What is the remainder when 43 is divided by w?
7
Suppose -14 - 14 = -i. What is the remainder when 137 is divided by i?
25
Suppose 0 = -2*x + 237 - 41. Suppose 0 = 2*z - 1 - 65. Calculate the remainder when x is divided by z.
32
Let j(a) = 3*a**2 - 7*a + 4. Let l(u) = -6*u - 1. Let f(z) = -2*z. Let n(s) = 8*f(s) - 3*l(s). Calculate the remainder when j(4) is divided by n(5).
11
Let y be (-3)/(-4)*(-8)/1. Let b = 12 + y. What is the remainder when 11 is divided by b?
5
Let a be (-114)/(-27) - 2/9. Suppose -a = -t + 6. Calculate the remainder when 28 is divided by t.
8
Let a(x) = x**2 - 13*x + 8. Calculate the remainder when 22 is divided by a(13).
6
Suppose d - 5*q - 15 = 0, 3*d - q - 57 = 2*q. Let y = 8 + 3. Calculate the remainder when d is divided by y.
9
Let s be 56/6 + (-2)/(-3). Suppose s = 5*m + 150. Let c = 39 + m. Calculate the remainder when c is divided by 4.
3
Let b(h) = 14*h**2 - 14*h - 6. Let g(j) = 5*j**2 - 5*j - 2. Let n(q) = 4*b(q) - 11*g(q). Suppose 2*p = -p + 18. What is the remainder when p is divided by n(3)?
2
Suppose -3*c = 3*c - 174. What is the remainder when c is divided by 11?
7
Let b(j) = -2*j - 2. Calculate the remainder when (-11)/(99/(-2)) - (-1700)/45 is divided by b(-6).
8
Suppose -18 = -5*j + 12. Let a = -23 - -27. Suppose 0*d - a = -2*d. What is the remainder when j is divided by d?
0
Let t = 95 - 21. Suppose -p = -15 - 4. Calculate the remainder when t is divided by p.
17
Let s = 6 + 9. Calculate the remainder when 42 is divided by s.
12
Suppose 182 = 9*p + 20. What is the remainder when p is divided by 5?
3
Let g(h) = h**2 + 8*h. Let v be g(-8). Suppose -4*o + 15 - 3 = v. Suppose 0*k + 15 = o*k. Calculate the remainder when 14 is divided by k.
4
Let m = -24 + 39. Calculate the remainder when 89 is divided by m.
14
Suppose 5*a + 20 + 140 = 0. What is the remainder when 11 is divided by (-4)/(-6) - a/6?
5
Suppose -5*r = -7*r + 8. Suppose 0 = r*v + 20, 2*y - 17 + 4 = -v. Suppose 24 + 6 = 5*s. Calculate the remainder when y is divided by s.
3
Suppose 17 = -4*c + 81. What is the remainder when 61 is divided by c?
13
Calculate the remainder when 8 + (-20)/5 - -17 is divided by 3.
0
Let f = 50 + -13. What is the remainder when f is divided by 19?
18
Suppose 0 = -4*f - 7 + 23. Suppose 4*b - 3*a - 103 = 0, 3*b = -2*b + f*a + 129. What is the remainder when b is divided by 14?
11
Suppose -3*q + 0 = r - 17, -10 = -5*r. Suppose -q*w + 215 = -10. What is the remainder when w is divided by -2 - (-23 + 2) - 3?
13
Suppose 4*f - 66 = 3*f. Calculate the remainder when f is divided by 23.
20
Suppose -i - 14 = 2*r, -12 = 4*r - 0. Calculate the remainder when ((-76)/(-16))/((-1)/i) is divided by 10.
8
Let s = -75 + 53. Let d = s + 41. What is the remainder when 75 is divided by d?
18
Let c(x) = -1 - x + 5*x - 3. Let d be (-2)/(7/(84/(-8))). Calculate the remainder when 23 is divided by c(d).
7
Suppose 2*t + t - 27 = 0. Let l = 19 - 0. What is the remainder when 3/t - (-330)/9 is divided by l?
18
Suppose 5*z - 11 = 4*m - m, 5*z = -10. Let y(i) = i**3 + 7*i**2 - 3*i - 4. Calculate the remainder when y(m) is divided by 9.
8
Let t = 8 + -6. Let k(d) = 6*d**2 - t - 4*d**2 - 6*d + 5. What is the remainder when 21 is divided by k(4)?
10
Let g(s) = -s**3 - 11*s**2 - 10*s + 6. What is the remainder when 22 is divided by g(-10)?
4
Suppose 0*k = -4*k + 36. Let b = 41 - 38. What is the remainder when k is divided by b?
0
Suppose -3*z - 15 = -0*z. Calculate the remainder when 46 is divided by (2/(-4))/(z/120).
10
Let u be 9/36 + (-14)/(-8). Suppose 2*j - 16 = -u*y, 2*y + 2*y - j - 27 = 0. Calculate the remainder when -2 + 3 - (-1 - 10) is divided by y.
5
Suppose -590 - 50 = -10*s. What is the remainder when s is divided by 22?
20
Let f = 24 - -1. What is the remainder when f is divided by 4/(-6) + 176/12?
11
Let x(m) = -5*m. Calculate the remainder when x(-4) is divided by 6.
2
Suppose 135 = 7*t - 2*t. Suppose 0 = -2*v - v + t. Let h = -8 + v. Calculate the remainder when h is divided by 1.
0
Suppose -y + 20 - 4 = 0. Let j = -34 + 79. Suppose -3*i + j = 2*i. Calculate the remainder when y is divided by i.
7
Suppose -2*c - u + 61 = -7, c + 4*u = 20. Suppose -c = -5*f + 2*f. What is the remainder when (10/(-4))/(1/(-14)) is divided by f?
11
Let n = -12 + 24. Calculate the remainder when (-10)/4*6*-3 is divided by n.
9
Suppose 0 = 2*m, -m + 6*m - 30 = -3*l. What is the remainder when 17 is divided by l?
7
Suppose 5*o + 4*c + 0*c - 22 = 0, 4*c = 2*o - 20. Let v = -7 - -3. Let t = 6 + v. What is the remainder when o is divided by t?
0
What is the remainder when 5*(8 + 5 + -9) is divided by 8?
4
Let d = 14 - 6. What is the remainder when 29 is divided by d?
5
Suppose 0*z - 4*z + 10 = -w, 3*w - 2*z = 0. Suppose w*r - 57 = 43. What is the remainder when r is divided by 13?
11
Let y be 374/99 + (-4)/(-18). What is the remainder when 28 is divided by -9 + y - -1 - -14?
8
Suppose -r = 4*r - 2*q - 111, -3*q = -4*r + 86. What is the remainder when r is divided by 8?
7
Suppose -5*u + p + 13 = -6, 3*u = -2*p + 1. Suppose u*g + 10 = 4*x - 16, -x + g = -6. What is the remainder when 30 is divided by x?
6
Let m(f) = -f**2 - 3*f + 3. Let l = -3 - 0. Let q be m(l). Suppose -5*g + 110 = q*c, -6*g = 3*c - 4*g - 116. What is the remainder when c is divided by 14?
12
Suppose -5*g = -y - y + 21, 39 = 3*y - 5*g. Let j = y + -10. What is the remainder when j is divided by 2?
0
Let w(z) = 53*z + 1. What is the remainder when w(2) is divided by 27?
26
Let q(s) = -s**2 - 6*s - 6. What is the remainder when 8 is divided by q(-4)?
0
Suppose -3*q - 17 = -5*k, 2*k - 21 = -3*k - q. Let o(j) = j**2 - 3*j + 5. Calculate the remainder when 33 is divided by o(k).
6
Let u(a) = -a + 11. Calculate the remainder when 1/(-5) + (-780)/(-25) is divided by u(0).
9
Suppose j - 114 = -j. Suppose -j - 53 = -5*p. What is the remainder when 43 is divided by p?
21
Suppose -5*p - 15 = 0, -5*h + 4 = 5*p + 19. Suppose 4*d + 3*f - 33 = 0, 3*f + 6 - 3 = h. Suppose -95 = -d*t + 4*t. What is the remainder when t is divided by 7?
5
Suppose -4*g + 5 + 11 = 0. Suppose -g*x = -16 - 72. Suppose o - 3*o + x = 0. What is the remainder when 21 is divided by o?
10
Let o(s) = s**3 - 2*s**2 - 4. Let g be o(3). Suppose 0 = -v - 3*v + g*p + 47, -3*v + 36 = -3*p. Calculate the remainder when v is divided by 8.
5
Let k be 2 + 0 + -2 + 0. Suppose k = 5*o + 15 - 50. Calculate the remainder when 2/3*-3*-10 is divided by o.
6
Suppose x + 15 = -2*x. Let j(p) = -p**3 - 4*p**2 + 5*p. Let i be j(x). Suppose i*g + 2*g = 34. What is the remainder when g is divided by 6?
5
Let r(s) = s**2 - 4*s + 8. Calculate the remainder when 44 is divided by r(5).
5
Let n = -203 - -13. Let k = -129 - n. Calculate the remainder when k is divided by 16.
13
Let j(r) = -r**2 - r + 11. What is the remainder when 31 is divided by j(0)?
9
Let y = 60 + -48. Calculate the remainder when 93 is divided by y.
9
Let f(s) = -s**3 - 15*s**2 + 4. Calculate the remainder when f(-15) is divided by 1.
0
Suppose 129 = 4*l + 1. What is the remainder when 126 is divided by l?
30
Suppose -11*o + 50 = -71. Calculate the remainder when 42 